ppose f = -2*h - h + 48. What is the highest common factor of h and 8?
8
Let a(b) = b**3 - 25*b**2 + 25*b - 16. Let f be a(24). Calculate the greatest common factor of f and 120.
8
Let s(k) = -13*k**3 - 3*k**2 - 7*k - 5. Let b be s(-1). What is the greatest common factor of 3324 and b?
12
Let w be 3 + -1 + 0/(-1). Let u be 12/10*(-975)/(-117). What is the greatest common factor of u and w?
2
Suppose -5 + 1 = -4*k, -2*c = k - 13. Calculate the greatest common factor of 14 and c.
2
Let a = 518 - 500. Suppose 4*u - h - 499 = -6*h, 3*u + 4*h = 374. Calculate the highest common divisor of a and u.
18
Let t be -1 + 33/24 + 43155/120. Calculate the highest common divisor of t and 72.
72
Let g be (((-12)/(-5))/(-1))/((-3)/10). Suppose 10*m - g*m - 16 = 0. Calculate the greatest common divisor of 20 and m.
4
Suppose -3*v - 42 = -10*v. Suppose 5*m + 5*i = 105, i = -3*m + v*i + 103. Calculate the highest common factor of m and 156.
26
Let t(a) = a**3 + 72*a**2 - 150*a - 132. Let l be t(-74). Calculate the highest common divisor of 536 and l.
8
Let i = -105 - -144. Calculate the greatest common divisor of i and 117.
39
Let z(y) = 73*y - 223. Let i be z(7). What is the highest common factor of 90 and i?
18
Suppose 0*o + 261 = 2*o - 5*t, 0 = -5*t + 5. Calculate the greatest common factor of o and 7.
7
Suppose c = 5*i - 146, 3*i + 60 - 134 = 4*c. Calculate the greatest common factor of i and 42.
6
Let o = -163 + 255. Suppose 5*s - o = 88. What is the highest common factor of 27 and s?
9
Let b(k) = k**3 + k**2 - 2. Let v be b(2). Let r = 9 + 1. Calculate the greatest common factor of v and r.
10
Let i be 7/2*41/(2009/224). Let k(c) = -26*c - 2. Let o be k(-5). Calculate the greatest common divisor of o and i.
16
Let i be (-4)/1 + 8 + 3. Let o(p) = p**3 + 6*p**2 + 4*p - 8. Let x be o(-3). Calculate the highest common divisor of x and i.
7
Suppose 78 + 274 = 4*h. Calculate the greatest common divisor of h and 16.
8
Let r = -905 - -604. Let y = r - -447. Let w = -104 + y. What is the greatest common factor of 21 and w?
21
Let r be (-510)/(-15) - 7/((-7)/(-2)). Calculate the greatest common factor of 128 and r.
32
Let i = 28 + -14. Let a(k) = -4*k**2 + 19*k + 26. Let d be a(5). What is the highest common factor of i and d?
7
Let a = -1025 - -1041. Calculate the greatest common factor of 13 and a.
1
Suppose -17 - 79 = -3*j. Suppose 3*g + j = 68. What is the greatest common divisor of 84 and g?
12
Let b(u) = 113*u + 4343. Let k be b(0). What is the greatest common divisor of 43 and k?
43
Let h(u) = -4*u + 9. Let x be h(-11). Suppose x = 5*i - 4*p, -3*i + i + 5*p + 28 = 0. Let k be 2/i - (-175)/63. What is the highest common divisor of k and 9?
3
Let n(u) = 2*u + 1. Let v be n(3). Let g be ((-39)/(-2))/(v/42). Calculate the highest common divisor of g and 13.
13
Suppose 0 = -3*c + 7 + 20. Let r(v) = v - 5. Let o be r(7). Suppose a - o*a = -c. Calculate the highest common factor of 27 and a.
9
Suppose 15 = -3*b - 0. Let m be b*1*(-3)/5. Suppose 30*j - 16 = 22*j. Calculate the highest common divisor of m and j.
1
Suppose 4*w = -k + 52, 3*k - 5*w = -w + 92. Let x be 1 + 2/(8/k). Suppose 0*n = 2*n - x. What is the greatest common divisor of 25 and n?
5
Suppose -3*s - 6 = 3*s. Let v be (63/(-18))/(s/2). Calculate the greatest common divisor of 112 and v.
7
Let u(s) = s - 1. Let c be u(3). Suppose 0*a + 5*a - 146 = -4*g, -c*a + 32 = -5*g. What is the greatest common divisor of 234 and a?
26
Suppose -3*n = -2*f - 29, -4*f + 102 = 3*n + 43. Suppose n*p - 528 - 31 = 0. Calculate the greatest common divisor of p and 387.
43
Let y = -4 + 5. Let z be (y + -1 + 1)*27. Let v be ((-54)/8)/(12/(-32)). What is the highest common factor of v and z?
9
Let b(z) = z**3 + 11*z**2 + 7. Let s be b(-11). Suppose 0 = s*t - 11 - 31. What is the greatest common divisor of t and 30?
6
Suppose 7*r - 12 - 23 = 0. Suppose -r*k + 196 = -189. Calculate the highest common factor of k and 7.
7
Let d = 2214 + -1869. Calculate the greatest common factor of d and 135.
15
Let b(p) = -6*p + 12. Let l be b(-7). Let z be ((-1)/(-2))/(3/l). Calculate the greatest common factor of z and 6.
3
Suppose 2*b + 2*g + 3 = 7, -1 = b - 2*g. Let k be 14/(-8)*(3 + -7). Calculate the highest common factor of k and b.
1
Let g = 6 - -78. Suppose -5*i - 3*q = -60 + 6, 5*i = -q + 58. What is the greatest common divisor of i and g?
12
Let f = 28 - 23. Suppose -5*a - 22 = o - f*o, -26 = -4*o + 3*a. Calculate the greatest common factor of o and 72.
8
Let h be (2 - -103)*(-4)/(-6). Let v(o) = 3*o - 17. Let a be v(6). Suppose 0 = c + a, 2*x - 4*c = -2*c + 22. What is the greatest common divisor of h and x?
10
Let l be 917/7 - 18/(-2). Calculate the greatest common factor of 490 and l.
70
Suppose -15*p = -2229 - 4206. What is the greatest common factor of p and 117?
39
Suppose 0 = 4*j + 5*p - 24, -3*p + 5*p + 52 = 4*j. Suppose -13*v = -146 - 569. What is the greatest common factor of j and v?
11
Let t = 113 - -199. Let j = 4344 + -4320. Calculate the highest common factor of j and t.
24
Suppose -2*v = 2*d - 0*d, -5*v = 4*d - 3. Suppose p = -v*y + 74, -2*y = -4*y + 4*p + 68. Calculate the highest common factor of y and 39.
13
Let b(l) = l + 3. Let h(w) = -2. Let q(a) = -3*b(a) - 5*h(a). Let v be q(-4). Let t = 25 - 12. Calculate the greatest common factor of v and t.
13
Let m(r) be the first derivative of r**4 - 5*r**3 + r**2 - 6*r - 11. Let t be m(6). Calculate the greatest common factor of 33 and t.
33
Let m = 5 + 2. Let k be (-1615)/(-119) + (-4)/m. Calculate the greatest common factor of 143 and k.
13
Suppose 4*m + 16 = 0, -62*v + 3*m = -64*v + 58. What is the highest common factor of v and 40?
5
Let t = -21 + 3. Let i = t - -18. Suppose -5*n + 93 - 18 = i. Calculate the greatest common divisor of 60 and n.
15
Let p = 203 + -44. Calculate the highest common factor of p and 6.
3
Let r be 6/(-4)*(-116)/6. Let p = 13 + -14. Let m be (28/(-6))/(((-2)/(-87))/p). Calculate the highest common divisor of m and r.
29
Let f(t) = 2 - t + 3*t - 3. Let v = 6 - 2. Let p be f(v). Calculate the highest common divisor of p and 56.
7
Suppose 2*m - 810 = -3*f - 305, -25 = -5*m. Calculate the highest common factor of f and 15.
15
Suppose -2*v = 2*n - 38, v + 34 = 3*n - 35. Let w = n - 22. Suppose -t = -w*t + 4*a - 15, -3 = -a. Calculate the greatest common divisor of 15 and t.
3
Let t(u) = 4*u**2 - u + 5*u - 1 - u**2 - 2*u. Let r be t(1). Suppose -r*m + 240 = -m. What is the greatest common factor of 32 and m?
16
Suppose 0*b + 220 = 5*b. Suppose -4 + b = 4*w. Let t be (5/(-3))/(2/(-24)). Calculate the greatest common factor of w and t.
10
Let j be -5 - 714/(-15) - (-6)/(-10). Let l = 28 - 18. Let o(f) = -f**2 + 11*f + 4. Let z be o(l). What is the highest common factor of j and z?
14
Let y = -60 + 96. What is the highest common divisor of y and 24?
12
Suppose 72 = z - 4*i + 7*i, -5*z = -i - 360. What is the highest common factor of z and 8?
8
Let w = -199 - -205. What is the greatest common factor of 15 and w?
3
Suppose -5*j - 28 = 2*x, 2*j - 5*x + 3 = 15. Let u be 13 + j + -5 + -1. Calculate the greatest common factor of u and 5.
1
Let n be (-175)/(-6) + (-4)/24. Let m(d) = -12*d - 5. Let f be m(-8). Suppose -6*g = -f - n. What is the highest common factor of g and 4?
4
Let f(q) = 35*q**2 + 3*q - 14. Let w be f(2). What is the highest common divisor of 72 and w?
12
Let n(j) = 4*j**2 + 2*j. Let y be n(5). Suppose 110 = 78*t - 67*t. Calculate the greatest common divisor of t and y.
10
Let d(v) = v**2 - 4*v - 17. Let y be d(7). Suppose -y*z + 3*z = -115. What is the highest common divisor of 23 and z?
23
Suppose -5*b - 34 = 2*z - 4*z, 2*b = 3*z - 51. Calculate the greatest common factor of z and 85.
17
Suppose -5*d + 11 = g, 3*g + 5*d = 7*g - 19. Suppose 26 - 2 = 6*y. Calculate the greatest common divisor of g and y.
2
Suppose 0 = -2*z - 5*s - 20, -12 = -3*z - 4*s + 7*s. Suppose -4*l = 33 - 53. Suppose a - l*a + 36 = z. What is the highest common factor of 18 and a?
9
Let k be 2 + 4 + 2 + -3. Suppose -3*n = -k*y - 204, -5*n = -0*n - 4*y - 327. Calculate the highest common factor of n and 42.
21
Let u = 256 - 121. Suppose -12256 = -5*i - 11*i. Suppose 23*v - i = 476. What is the greatest common divisor of u and v?
27
Suppose 12*h - 11*h - 30 = 0.